p(b) = -b**2 - 18*b - 4. Suppose 321 = -12*l + 3945. Calculate the remainder when l is divided by p(-5).
58
Let b = 121 - 143. Let w = b + 122. Let d = 117 - w. Calculate the remainder when 183 is divided by d.
13
Suppose 0 = -n + 4*l + 79, -445*l + 6 = -448*l. Calculate the remainder when n is divided by 1/(22/304) - 2/(-11).
1
Let o(c) = c**2 + 21*c - 938. Let a = 6 - 1. Suppose -26 = 3*u - a*u. Calculate the remainder when u is divided by o(22).
5
Let i = 9100 - 9071. What is the remainder when 3/(-12) - (-2 + (-433)/4) is divided by i?
23
Suppose 2*p - 138 = -4*s + 210, 3*s = -p + 258. What is the remainder when 276 is divided by s?
24
Let v = -7870 + 7936. What is the remainder when v is divided by 11?
0
Let y(a) = a + 53. Let f be y(-23). Suppose -89 + 1019 = f*m. What is the remainder when 114 is divided by m?
21
Let t = -9547 + 9565. Suppose -m - 6 = 4. What is the remainder when 4/m + 1785/25 is divided by t?
17
Suppose 4196*a - 4214*a = -6876. What is the remainder when a is divided by 10?
2
Suppose -3*h + 101 = 431. Let p = h + 151. Suppose 48*j = 52*j - 316. What is the remainder when j is divided by p?
38
Let l be 6/(-3) - 20/(0 + -5). What is the remainder when (l/3)/(6/333) is divided by 3?
1
Let k be 4/18 - 428/(-18). Suppose 4*a - k - 40 = 0. What is the remainder when (290/4)/((-66)/(-40) + (-452)/1130) is divided by a?
10
What is the remainder when (1 - 0)*(-1632)/112*-14 - 3 is divided by 198?
3
Suppose 0 = 5*w - 2*a - 10960, 2*w - 1100 = 3*a + 3273. What is the remainder when w is divided by 65?
49
Let k = 120 - 118. Calculate the remainder when 56 is divided by ((-86)/(-7) - k) + (-18)/63.
6
Suppose 2*m = -2*m + 12. Suppose m*h + 5 + 13 = 0. Calculate the remainder when 13 is divided by h/(-1 - 1) + (7 - 3).
6
Suppose 4*g = 4*y - 444, 5*y + 5*g - 266 = 299. Let o = -7018 - -7023. Calculate the remainder when y is divided by o.
2
Suppose -7*q - 386 - 328 = 0. Let p = q + 132. What is the remainder when 111 is divided by p?
21
Let p(h) = -31*h + 131. Suppose 42*t = -5*a + 43*t + 10, 2*a + 4 = 2*t. Let k(z) = -14*z**3 + 2*z + 1. Calculate the remainder when p(a) is divided by k(-1).
12
Let m(h) = -h**3 + 7*h**2 + 8*h + 3. Let i be m(8). Suppose d - 4*d - 48 = i*a, -2*a - 3*d = 27. Let z = a + 46. What is the remainder when z is divided by 14?
11
Let i be (1 + 15)*(-3 - -5). Let n = i + -15. Suppose 32*s + 15 = 1615. Calculate the remainder when s is divided by n.
16
Suppose -4*p + 5*p = 13. Let n(y) = -y**3 + 9*y**2 + y - 4. Suppose o - 27 = -2*o. What is the remainder when p is divided by n(o)?
3
What is the remainder when 155 is divided by (2 + (6 - 4))/(2/8)?
11
Suppose -s - 581 = -o + 56, -o + 5*s + 617 = 0. Calculate the remainder when o is divided by 49.
5
What is the remainder when 3/(-45) + 2231285/525 - 9 is divided by 19?
4
Suppose 34 = -8*i + 90. Suppose -4*t - 64 = -4*u, 5*t - 23 = -u - i. What is the remainder when 56 is divided by u?
8
Let k = -57 - -97. Suppose -21 = -k*s + 39*s. What is the remainder when (-486)/(-21) - 3/s is divided by 9?
5
Let s(u) = -u**3 + 66 + 3*u**2 + 33 + 186 - 2*u**2 - 3*u. Calculate the remainder when s(0) is divided by 13.
12
Let y(f) = 45*f**2 + 121*f + 6. Let o(n) = 6*n - 3. Let m be o(6). Suppose 0 = -5*v + 52 + m. Calculate the remainder when y(-3) is divided by v.
14
Suppose -65 = -3*m + 7. Let c = 33 - m. What is the remainder when (-2)/(-8) + (-405)/(-12) is divided by c?
7
Let y = 44 - 12. Suppose 33*z - y*z = 11. Calculate the remainder when 39 is divided by z.
6
Suppose -5*l - 3*b + 328 = 0, -2*b - 20 = 3*b. What is the remainder when 351 is divided by l?
11
Suppose -u + 8908 = -7*u + 23*u. Calculate the remainder when u is divided by 25.
24
Let g(o) = 3*o - 5. Let q be ((-1)/3)/((-21)/189). Suppose q*i = -k - 5, -3*k - 2*k + 55 = -5*i. What is the remainder when g(k) is divided by 6?
4
Let k(u) be the third derivative of -u**4/12 + 17*u**3/3 - 39*u**2. What is the remainder when 75 is divided by k(15)?
3
Suppose 0 = 16*f - 13*f + 6, 0 = 2*z + 5*f - 166. Calculate the remainder when z is divided by 8.
0
Let f(i) = 165*i - 2721. What is the remainder when 1001 is divided by f(17)?
77
Suppose 82*p - 74*p - 64 = 0. What is the remainder when 4/(-20) - (-1724)/40*2 is divided by p?
6
Suppose 5*z = n + 2970, 3*z - 186*n + 181*n = 1804. What is the remainder when z is divided by 9?
8
Suppose 4908 = 60*r - 1422 - 510. Calculate the remainder when 902 is divided by r.
104
Suppose -2*a + 4*s = 2*a - 22768, -16 = 4*s. Calculate the remainder when 111 is divided by a/204 + 4/34.
27
Let f = -1382 + 1701. What is the remainder when f is divided by ((-2)/1 + 7)*8?
39
Let l be (-4)/12*(-36)/(-14)*21. What is the remainder when 232 is divided by (l/5)/(-4 + (-54)/(-15))?
7
Let j = -12352 - -14861. What is the remainder when j is divided by 1254?
1
Let n = -4430 + 6117. What is the remainder when n is divided by 19?
15
Calculate the remainder when 3842 is divided by (-3 + -121)*(-2 + (-42)/(-28)).
60
Let i be 5 + -2 - (-8 + 3). Let k be (7/(-7))/((-2)/i). Calculate the remainder when ((-24)/(-5))/(k*(-24)/(-320)) is divided by 9.
7
Calculate the remainder when (-24)/3*(-36 - 7) is divided by 91.
71
Let a(v) = -v**2 - 16*v + 60. Let c(r) = 2*r**2 - 16*r - 15. Suppose -4*f + 46 = 6. Calculate the remainder when c(f) is divided by a(-19).
1
Let z(n) = -63*n - 3. What is the remainder when z(-5) is divided by (2/(-8))/((-7)/980)?
32
Let i(q) = -q**3 + 20*q**2 - 7*q - 17. Let u be i(20). Let d = 166 + u. What is the remainder when 95 is divided by d?
5
Let s = -20860 - -21698. Calculate the remainder when s is divided by 75.
13
Let r = 19617 + -18698. Calculate the remainder when r is divided by 53.
18
Suppose 3*j - 426 = 3*a, 0 = -5*j + 2*j + 4*a + 427. Let s = 18 + 110. Suppose -s = -11*o + 3*o. Calculate the remainder when j is divided by o.
13
Suppose 0 = -3*r + 4*w + 7, 5*w = 2*r - 7*r - 35. Let b be 92 - (0 - (-16)/12)*r. Let i = b + -32. What is the remainder when i is divided by 34?
30
Let w = 4 - -23. Suppose 3*m + w = 6*m. Suppose 0 = 12*r - m*r - 21. What is the remainder when 25 is divided by r?
4
Let t = -20898 - -20934. Calculate the remainder when 1557 is divided by t.
9
Suppose -38*j + 16009 + 5828 = 213*j. Calculate the remainder when 499 is divided by j.
64
Suppose -203*r + 8617 = -19*r - 951. Let f(w) = -79*w - 3. Calculate the remainder when f(-2) is divided by r.
51
Let y = -265 + 39. Let h = 268 + y. What is the remainder when 131 is divided by h?
5
Let d(p) = 167*p - 14. Let q be d(11). Suppose -4*x - 5*h = -1453, 4*h - q = -0*x - 5*x. What is the remainder when x is divided by 23?
22
Suppose 5*b - 4*l - 1841 = 0, 4*l - 353 = -b + l. Suppose 6*a - b = 91. Calculate the remainder when 226 is divided by a.
74
Suppose 5*n + 2*c = 7 + 14, -2*n - 2*c + 6 = 0. Suppose 3*i + 346 = 532. Calculate the remainder when i is divided by n.
2
Let m = 178 + -177. Calculate the remainder when 26 is divided by (-36)/(m*(-10)/5).
8
Let w be 24*-1 + 4/(-4). Let k = -25 - w. What is the remainder when 31 is divided by ((-11)/2 + k)*(51 - 53)?
9
Calculate the remainder when 557 is divided by -95 + 115 + (-1 - -26).
17
Suppose 3*f = -2*j + 16, 3*f - 6*f - 3*j + 18 = 0. Suppose -m - 3*a + 13 = 0, 34*a - 35*a - 10 = 0. What is the remainder when m is divided by f?
3
Let i be ((-34)/(-24)*3)/(4/16). Calculate the remainder when 25 is divided by ((-16)/12)/(-1 + i/21).
4
Let d(y) = -y**2 - 7*y + 1. Let w be d(-6). Suppose -w = -3*m + 2. Suppose m + 6 = g + 5*a, -3*g = 5*a - 57. Calculate the remainder when g is divided by 7.
3
Let p(k) = -k**3 - 4*k**2 - 10*k + 2. Let f = 4 - 4. Suppose -3*y + 0*y + 108 = -4*n, 2*n - 6 = f. What is the remainder when p(-5) is divided by y?
37
Let m = -39 - -34. Let c be (6/(-10))/((-1)/m). What is the remainder when 38 is divided by (-1)/(2/(-30)*(-9)/c)?
3
Let b = 9556 - 9503. What is the remainder when 9538 is divided by b?
51
Calculate the remainder when 830 is divided by -3*(-27)/(1134/728).
50
Suppose -12 + 6 = -2*c, -3*j + 177 = 5*c. Calculate the remainder when 455 is divided by j.
23
Suppose 0 = -7*n - 2580 + 529. Let m = n - -304. What is the remainder when 483 is divided by m?
10
Let a = 315 - 295. Let h(q) = -2*q**2 + 39*q + 41. What is the remaind